{"id":375,"date":"2020-05-30T15:38:15","date_gmt":"2020-05-30T15:38:15","guid":{"rendered":"http:\/\/www.ptinspekce.cz\/?page_id=375"},"modified":"2020-05-30T16:19:48","modified_gmt":"2020-05-30T16:19:48","slug":"bezpecnost-strojnich-zarizeni-md","status":"publish","type":"page","link":"https:\/\/www.ptinspekce.cz\/index.php\/bezpecnost-strojnich-zarizeni-md\/","title":{"rendered":"Bezpe\u010dnost strojn\u00edch za\u0159\u00edzen\u00ed \u2013 MD"},"content":{"rendered":"\n<p><strong>dle NV \u010d. 176\/2008 Sb. (sm\u011brnice 2006\/42\/EU)<\/strong><\/p>\n\n\n\n<p><strong><span class=\"has-inline-color has-vivid-cyan-blue-color\">Certifikace v\u00fdrobk\u016f, CE, Posuzov\u00e1n\u00ed shody (CE)<\/span><\/strong><\/p>\n\n\n\n<p><strong>Jak uv\u00e9st strojn\u00ed za\u0159\u00edzen\u00ed na trh<\/strong><\/p>\n\n\n\n<p><strong>Strojn\u00ed za\u0159\u00edzen\u00ed<\/strong> m\u016f\u017ee b\u00fdt uvedeno na trh pouze tehdy jestli\u017ee spl\u0148uje <strong>technick\u00e9 po\u017eadavky uveden\u00e9 v p\u0159\u00edloze \u010d. 1 k na\u0159\u00edzen\u00ed vl\u00e1dy \u010d. 176\/2008 Sb. (sm\u011brnice 2006\/42\/EU)<\/strong> a pokud bylo vyrobeno v souladu se spr\u00e1vnou technickou prax\u00ed z hlediska z\u00e1sad bezpe\u010dnosti platn\u00fdch v Evropsk\u00fdch spole\u010denstv\u00edch. Strojn\u00ed za\u0159\u00edzen\u00ed p\u0159i jeho spr\u00e1vn\u00e9 instalaci, \u00fadr\u017eb\u011b a pou\u017e\u00edv\u00e1n\u00ed k \u00fa\u010delu, pro kter\u00fd bylo vyrobeno, nesm\u00ed ohrozit zdrav\u00ed a bezpe\u010dnost osob, dom\u00e1c\u00edch zv\u00ed\u0159at nebo majetek. Posouzen\u00ed shody podle na\u0159\u00edzen\u00ed vl\u00e1dy \u010d. 176\/2008 Sb. prob\u00edh\u00e1 postupem intern\u00edho \u0159\u00edzen\u00ed v\u00fdroby podle p\u0159\u00edlohy \u010d. 8 k tomuto na\u0159\u00edzen\u00ed (pop\u0159. postupem ES p\u0159ezkou\u0161en\u00ed typu, nebo postupem komplexn\u00edho zabezpe\u010dov\u00e1n\u00ed jakosti). V\u00fdrobce vypracov\u00e1v\u00e1 technickou dokumentaci obsahuj\u00edc\u00ed mimo jin\u00e9 tak\u00e9 anal\u00fdzu rizik, zajist\u00ed shodu vyr\u00e1b\u011bn\u00fdch strojn\u00edch za\u0159\u00edzen\u00ed s touto technickou dokumentac\u00ed, <strong>opat\u0159\u00ed za\u0159\u00edzen\u00ed ozna\u010den\u00edm CE a vyd\u00e1 ES prohl\u00e1\u0161en\u00ed o shod\u011b.<\/strong><\/p>\n\n\n\n<p><strong>Jak uv\u00e9st strojn\u00ed za\u0159\u00edzen\u00ed do provozu<\/strong><\/p>\n\n\n\n<p><strong>Kontrola bezpe\u010dnosti strojn\u00edho za\u0159\u00edzen\u00ed<\/strong> je povinn\u00e1 po ka\u017ed\u00e9 instalaci a p\u0159ed prvn\u00edm uveden\u00edm do provozu. Po\u017eadavky na tuto kontrolu jsou stanoven\u00e9 zejm\u00e9na v na\u0159\u00edzen\u00ed vl\u00e1dy \u010d. 378\/2001 Sb. Protokol o kontrole mus\u00ed b\u00fdt uchov\u00e1n po celou dobu provozu za\u0159\u00edzen\u00ed.<\/p>\n\n\n\n<p><br><strong><span class=\"has-inline-color has-vivid-cyan-blue-color\">SLU\u017dBY PTI V SOUVISLOSTI<br>S POSUZOV\u00c1N\u00cdM SHODY<br>STROJN\u00cdCH ZA\u0158\u00cdZEN\u00cd<\/span><\/strong><\/p>\n\n\n\n<ul class=\"wp-block-list\"><li><strong>zkou\u0161en\u00ed a m\u011b\u0159en\u00ed<\/strong> parametr\u016f SZ v laborato\u0159i, u v\u00fdrobce, nebo v m\u00edst\u011b instalace<\/li><li><strong>protokoly zku\u0161ebn\u00ed laborato\u0159e<\/strong> jsou sou\u010d\u00e1st\u00ed procesu intern\u00edho \u0159\u00edzen\u00ed v\u00fdroby podle p\u0159\u00edlohy \u010d. 8 k na\u0159\u00edzen\u00ed vl\u00e1dy \u010d. 176\/2008 Sb.<\/li><li><strong>dobrovoln\u00e1 certifikace<\/strong> certifika\u010dn\u00edm org\u00e1nem pro v\u00fdrobky \u2013 certifik\u00e1t typu\/v\u00fdrobku<\/li><li><strong>technick\u00e1 inspekce<\/strong> \u2013 inspek\u010dn\u00ed zpr\u00e1vy, inspek\u010dn\u00ed certifik\u00e1ty<\/li><li><strong>ud\u011blov\u00e1n\u00ed licenc\u00ed<\/strong> na dobrovolnou certifika\u010dn\u00ed zna\u010dku \u201ePTI ov\u011b\u0159en\u00e1 bezpe\u010dnost\u201c<\/li><li><strong>PTI ud\u011bluje licenci<\/strong> na u\u017e\u00edv\u00e1n\u00ed zna\u010dky kvality, kter\u00e1 je poskytov\u00e1na v\u00fdrobk\u016fm, u nich\u017e byla certifikac\u00ed prok\u00e1z\u00e1na vysok\u00e1 \u00farove\u0148 bezpe\u010dnostn\u00edch a kvalitativn\u00edch parametr\u016f a formou inspek\u010dn\u00edch n\u00e1v\u0161t\u011bv tak\u00e9 spln\u011bn\u00ed p\u0159edpoklad\u016f v\u00fdrobce pro trval\u00e9 dodr\u017eov\u00e1n\u00ed kvality.<\/li><li><strong>standardiza\u010dn\u00ed slu\u017eby<\/strong> &#8211; re\u0161er\u0161e norem, anal\u00fdzy technick\u00fdch informac\u00ed (manu\u00e1ly, technick\u00e1 dokumentace)<\/li><\/ul>\n\n\n\n<p>        <a href=\"http:\/\/www.ptinspekce.cz\/wp-content\/uploads\/2020\/04\/2020-04-11-PTI_bezpecnost_stroj_zarizeni.pdf\">Produktov\u00fd list ke sta\u017een\u00ed <\/a><\/p>\n","protected":false},"excerpt":{"rendered":"<p>dle NV \u010d. 176\/2008 Sb. (sm\u011brnice 2006\/42\/EU) Certifikace v\u00fdrobk\u016f, CE, Posuzov\u00e1n\u00ed shody (CE) Jak uv\u00e9st strojn\u00ed za\u0159\u00edzen\u00ed na trh Strojn\u00ed za\u0159\u00edzen\u00ed m\u016f\u017ee b\u00fdt uvedeno na trh pouze tehdy jestli\u017ee spl\u0148uje technick\u00e9 po\u017eadavky uveden\u00e9 v p\u0159\u00edloze \u010d. 1 k na\u0159\u00edzen\u00ed vl\u00e1dy \u010d. 176\/2008 Sb. (sm\u011brnice 2006\/42\/EU) a pokud bylo vyrobeno v souladu se spr\u00e1vnou technickou prax\u00ed&hellip; <br \/> <a class=\"read-more\" href=\"https:\/\/www.ptinspekce.cz\/index.php\/bezpecnost-strojnich-zarizeni-md\/\">\u010c\u00edst v\u00edce.<\/a><\/p>\n","protected":false},"author":1,"featured_media":0,"parent":0,"menu_order":0,"comment_status":"closed","ping_status":"closed","template":"","meta":{"footnotes":""},"class_list":["post-375","page","type-page","status-publish","hentry"],"_links":{"self":[{"href":"https:\/\/www.ptinspekce.cz\/index.php\/wp-json\/wp\/v2\/pages\/375","targetHints":{"allow":["GET"]}}],"collection":[{"href":"https:\/\/www.ptinspekce.cz\/index.php\/wp-json\/wp\/v2\/pages"}],"about":[{"href":"https:\/\/www.ptinspekce.cz\/index.php\/wp-json\/wp\/v2\/types\/page"}],"author":[{"embeddable":true,"href":"https:\/\/www.ptinspekce.cz\/index.php\/wp-json\/wp\/v2\/users\/1"}],"replies":[{"embeddable":true,"href":"https:\/\/www.ptinspekce.cz\/index.php\/wp-json\/wp\/v2\/comments?post=375"}],"version-history":[{"count":2,"href":"https:\/\/www.ptinspekce.cz\/index.php\/wp-json\/wp\/v2\/pages\/375\/revisions"}],"predecessor-version":[{"id":407,"href":"https:\/\/www.ptinspekce.cz\/index.php\/wp-json\/wp\/v2\/pages\/375\/revisions\/407"}],"wp:attachment":[{"href":"https:\/\/www.ptinspekce.cz\/index.php\/wp-json\/wp\/v2\/media?parent=375"}],"curies":[{"name":"wp","href":"https:\/\/api.w.org\/{rel}","templated":true}]}}