{"id":367,"date":"2020-05-30T15:27:23","date_gmt":"2020-05-30T15:27:23","guid":{"rendered":"http:\/\/www.ptinspekce.cz\/?page_id=367"},"modified":"2024-04-12T08:25:16","modified_gmt":"2024-04-12T08:25:16","slug":"kontroly-technickych-zarizeni","status":"publish","type":"page","link":"https:\/\/www.ptinspekce.cz\/index.php\/kontroly-technickych-zarizeni\/","title":{"rendered":"Kontroly technick\u00fdch za\u0159\u00edzen\u00ed"},"content":{"rendered":"\t\t<div data-elementor-type=\"wp-page\" data-elementor-id=\"367\" class=\"elementor elementor-367\" data-elementor-settings=\"[]\">\n\t\t\t<div class=\"elementor-inner\">\n\t\t\t\t<div class=\"elementor-section-wrap\">\n\t\t\t\t\t\t\t<section class=\"elementor-element elementor-element-9ed4765 elementor-section-boxed elementor-section-height-default elementor-section-height-default elementor-section elementor-top-section\" data-id=\"9ed4765\" data-element_type=\"section\">\n\t\t\t\t\t\t<div class=\"elementor-container elementor-column-gap-narrow\">\n\t\t\t\t<div class=\"elementor-row\">\n\t\t\t\t<div class=\"elementor-element elementor-element-6eee4c65 elementor-column elementor-col-100 elementor-top-column\" data-id=\"6eee4c65\" data-element_type=\"column\">\n\t\t\t<div class=\"elementor-column-wrap  elementor-element-populated\">\n\t\t\t\t\t<div class=\"elementor-widget-wrap\">\n\t\t\t\t<div class=\"elementor-element elementor-element-58b2a56 elementor-widget elementor-widget-image\" data-id=\"58b2a56\" data-element_type=\"widget\" data-widget_type=\"image.default\">\n\t\t\t\t<div class=\"elementor-widget-container\">\n\t\t\t\t\t<div class=\"elementor-image\">\n\t\t\t\t\t\t\t\t\t\t<img loading=\"lazy\" decoding=\"async\" width=\"768\" height=\"245\" src=\"https:\/\/www.ptinspekce.cz\/wp-content\/uploads\/2021\/02\/banner970x310-2-768x245.jpg\" class=\"attachment-medium_large size-medium_large\" alt=\"Prvn\u00edch deset z\u00e1kazn\u00edk\u016f marketingov\u00e9 akce Sklik b\u011b\u017e\u00edc\u00ed od 08.02.2021 pro tento produkt z\u00edsk\u00e1 slevu 20% !!!\" srcset=\"https:\/\/www.ptinspekce.cz\/wp-content\/uploads\/2021\/02\/banner970x310-2-768x245.jpg 768w, https:\/\/www.ptinspekce.cz\/wp-content\/uploads\/2021\/02\/banner970x310-2-300x96.jpg 300w, https:\/\/www.ptinspekce.cz\/wp-content\/uploads\/2021\/02\/banner970x310-2.jpg 970w\" sizes=\"auto, (max-width: 768px) 100vw, 768px\" \/>\t\t\t\t\t\t\t\t\t\t\t<\/div>\n\t\t\t\t<\/div>\n\t\t\t\t<\/div>\n\t\t\t\t<div class=\"elementor-element elementor-element-7692995 elementor-widget elementor-widget-text-editor\" data-id=\"7692995\" data-element_type=\"widget\" data-widget_type=\"text-editor.default\">\n\t\t\t\t<div class=\"elementor-widget-container\">\n\t\t\t\t\t<div class=\"elementor-text-editor elementor-clearfix\"><p style=\"text-align: center;\"><strong>Prvn\u00edch deset z\u00e1kazn\u00edk\u016f marketingov\u00e9 akce pro tento produkt z\u00edsk\u00e1 slevu 20% !!<\/strong><\/p><\/div>\n\t\t\t\t<\/div>\n\t\t\t\t<\/div>\n\t\t\t\t<div class=\"elementor-element elementor-element-c2b88c1 elementor-widget elementor-widget-text-editor\" data-id=\"c2b88c1\" data-element_type=\"widget\" data-widget_type=\"text-editor.default\">\n\t\t\t\t<div class=\"elementor-widget-container\">\n\t\t\t\t\t<div class=\"elementor-text-editor elementor-clearfix\"><!-- wp:paragraph -->\n<p><strong>dle NV \u010d. 378\/2001 Sb., v n\u00e1vaznosti i na NV \u010d. 101\/2005 Sb.<\/strong><\/p>\n<!-- \/wp:paragraph -->\n\n<!-- wp:paragraph -->\n<p><strong><span class=\"has-inline-color has-vivid-cyan-blue-color\">POVINNOSTI KONTROLY<\/span><\/strong><\/p>\n<!-- \/wp:paragraph -->\n\n<!-- wp:paragraph -->\n<p>Povinnost prov\u00e1d\u011bt kontroly provozovan\u00fdch technick\u00fdch za\u0159\u00edzen\u00ed pravideln\u011b je v pr\u00e1vn\u00edm \u0159\u00e1du \u010cR zakotvena v prov\u00e1d\u011bc\u00edm p\u0159edpisu<strong> \u00a74, z\u00e1kona \u010d. 309\/2006 Sb., kter\u00fdm je NV \u010d. 378\/2001 Sb., v n\u00e1vaznosti i na NV \u010d. 101\/2005 Sb.<\/strong>, a to v rozsahu stanoven\u00e9m pr\u016fvodn\u00ed dokumentac\u00ed od v\u00fdrobce nebo m\u00edstn\u00edm provozn\u00edm bezpe\u010dnostn\u00edm p\u0159edpisem s maxim\u00e1ln\u00ed periodou 12-ti m\u011bs\u00edc\u016f, nebo v\u017edy po proveden\u00fdch oprav\u00e1ch, \u00faprav\u00e1ch, pop\u0159. p\u0159em\u00edst\u011bn\u00ed za\u0159\u00edzen\u00ed na jin\u00e9 stanovi\u0161t\u011b.<\/p>\n<!-- \/wp:paragraph -->\n\n<!-- wp:paragraph -->\n<p>P\u0159edm\u011btem periodick\u00e9 kontroly je ov\u011b\u0159en\u00ed skute\u010dn\u00e9ho stavu technick\u00e9ho za\u0159\u00edzen\u00ed s pr\u016fvodn\u00ed dokumentac\u00ed a dodr\u017een\u00ed po\u017eadavk\u016f NV \u010d. 378\/2001 Sb \u00a7 3. Jedn\u00e1 se zejm\u00e9na o kontrolu:<\/p>\n<!-- \/wp:paragraph -->\n\n<!-- wp:list -->\n<ul><li>ov\u011b\u0159en\u00ed zda za\u0159\u00edzen\u00ed je pou\u017e\u00edv\u00e1no k \u00fa\u010del\u016fm a za podm\u00ednek, pro kter\u00e9 je ur\u010deno, v souladu s provozn\u00ed dokumentac\u00ed v\u00fdrobce<\/li><li>ov\u011b\u0159en\u00ed zda p\u0159i provozu nedo\u0161lo k \u00faprav\u00e1m a z\u00e1sah\u016fm do konstrukce za\u0159\u00edzen\u00ed, kter\u00e9 by m\u011bly negativn\u00ed vliv na bezpe\u010dnost obsluhy a nejsou schv\u00e1leny nebo odsouhlaseny v\u00fdrobcem stroje (jsou v rozporu s ES prohl\u00e1\u0161en\u00edm stroje) a to v\u010detn\u011b kontroly ochrany proti neelektrick\u00fdm nebezpe\u010d\u00edm, kter\u00e1 mohou b\u00fdt vytv\u00e1\u0159ena elektrick\u00fdmi za\u0159\u00edzen\u00edmi.<\/li><\/ul>\n<!-- \/wp:list -->\n\n<!-- wp:paragraph -->\n<p>Pravideln\u00e9 kontroly<\/p>\n<!-- \/wp:paragraph -->\n\n<!-- wp:paragraph -->\n<p><strong>Nab\u00edz\u00edme pravideln\u00e9 kontroly v\u0161ech technick\u00fdch za\u0159\u00edzen\u00ed, kter\u00e9 pou\u017e\u00edv\u00e1te, v\u010detn\u011b vyhotoven\u00ed po\u017eadovan\u00e9 dokumentace pr\u00e1vn\u00edmi p\u0159edpisy.<\/strong><\/p>\n<!-- \/wp:paragraph -->\n\n<!-- wp:paragraph -->\n<p>V\u00fdpis t\u011bch nejfrekventovan\u011bj\u0161\u00edch:<\/p>\n<!-- \/wp:paragraph -->\n\n<!-- wp:list -->\n<ul><li><strong>strojn\u00ed za\u0159\u00edzen\u00ed<\/strong> \u2013 kontrola technick\u00e9ho stavu dle pr\u016fvodn\u00ed dokumentace od v\u00fdrobce, protokoly o kontrole. V p\u0159\u00edpad\u011b neexistence dokumentace od v\u00fdrobce pro V\u00e1s zajist\u00edme vypracov\u00e1n\u00ed m\u00edstn\u00edho provozn\u00edho bezpe\u010dnostn\u00edho p\u0159edpisu se z\u00e1znamn\u00edkem kontrol a nejd\u016fle\u017eit\u011bj\u0161\u00edmi kontroln\u00edmi \u00fakony, v\u010detn\u011b ur\u010den\u00ed jejich periodicity na z\u00e1klad\u011b Va\u0161ich m\u00edstn\u00edch podm\u00ednek,<\/li><li><strong>n\u00e1\u0159ad\u00ed<\/strong> \u2013 kontrola technick\u00e9ho stavu, protokoly o kontrole,<\/li><li><strong>kontrola ru\u010dn\u00edch manipula\u010dn\u00edch prost\u0159edk\u016f<\/strong> \u2013 mechanick\u00fdch, elektrick\u00fdch, pneumatick\u00fdch, hydraulick\u00fdch, plynov\u00fdch a podobn\u011b, jako jsou paletiza\u010dn\u00ed voz\u00edky, \u010dty\u0159kolov\u00e9 voz\u00edky, dvoukolov\u00e9 voz\u00edky, speci\u00e1ln\u00ed voz\u00edky, p\u0159epravn\u00ed prost\u0159edky na materi\u00e1l, protokoly o kontrole.<\/li><\/ul>\n<!-- \/wp:list -->\n\n<!-- wp:paragraph -->\n<p><p><a href=\"http:\/\/www.ptinspekce.cz\/wp-content\/uploads\/2020\/04\/2020-04-11-PTI_technick%C3%A9.pdf\">Produktov\u00fd list ke sta\u017een\u00ed<\/a><\/p>\n\n<!-- M\u011b\u0159ic\u00ed k\u00f3d Sklik.cz -->\n<script type=\"text\/javascript\">\nvar seznam_cId = 100073354;\nvar seznam_value = 1;\n<\/script>\n<script type=\"text\/javascript\" src=\"https:\/\/www.seznam.cz\/rs\/static\/rc.js\" async=\"\"><\/script><\/p>\n<!-- \/wp:paragraph -->\n\n<!-- wp:paragraph -->\n<p><\/p>\n<!-- \/wp:paragraph --><\/div>\n\t\t\t\t<\/div>\n\t\t\t\t<\/div>\n\t\t\t\t\t\t<\/div>\n\t\t\t<\/div>\n\t\t<\/div>\n\t\t\t\t\t\t<\/div>\n\t\t\t<\/div>\n\t\t<\/section>\n\t\t\t\t\t\t<\/div>\n\t\t\t<\/div>\n\t\t<\/div>\n\t\t","protected":false},"excerpt":{"rendered":"<p>Prvn\u00edch deset z\u00e1kazn\u00edk\u016f marketingov\u00e9 akce pro tento produkt z\u00edsk\u00e1 slevu 20% !! dle NV \u010d. 378\/2001 Sb., v n\u00e1vaznosti i na NV \u010d. 101\/2005 Sb. POVINNOSTI KONTROLY Povinnost prov\u00e1d\u011bt kontroly provozovan\u00fdch technick\u00fdch za\u0159\u00edzen\u00ed pravideln\u011b je v pr\u00e1vn\u00edm \u0159\u00e1du \u010cR zakotvena v prov\u00e1d\u011bc\u00edm p\u0159edpisu \u00a74, z\u00e1kona \u010d. 309\/2006 Sb., kter\u00fdm je NV \u010d. 378\/2001 Sb., v&hellip; <br \/> <a class=\"read-more\" href=\"https:\/\/www.ptinspekce.cz\/index.php\/kontroly-technickych-zarizeni\/\">\u010c\u00edst v\u00edce.<\/a><\/p>\n","protected":false},"author":1,"featured_media":0,"parent":0,"menu_order":0,"comment_status":"closed","ping_status":"closed","template":"","meta":{"footnotes":""},"class_list":["post-367","page","type-page","status-publish","hentry"],"_links":{"self":[{"href":"https:\/\/www.ptinspekce.cz\/index.php\/wp-json\/wp\/v2\/pages\/367","targetHints":{"allow":["GET"]}}],"collection":[{"href":"https:\/\/www.ptinspekce.cz\/index.php\/wp-json\/wp\/v2\/pages"}],"about":[{"href":"https:\/\/www.ptinspekce.cz\/index.php\/wp-json\/wp\/v2\/types\/page"}],"author":[{"embeddable":true,"href":"https:\/\/www.ptinspekce.cz\/index.php\/wp-json\/wp\/v2\/users\/1"}],"replies":[{"embeddable":true,"href":"https:\/\/www.ptinspekce.cz\/index.php\/wp-json\/wp\/v2\/comments?post=367"}],"version-history":[{"count":17,"href":"https:\/\/www.ptinspekce.cz\/index.php\/wp-json\/wp\/v2\/pages\/367\/revisions"}],"predecessor-version":[{"id":481,"href":"https:\/\/www.ptinspekce.cz\/index.php\/wp-json\/wp\/v2\/pages\/367\/revisions\/481"}],"wp:attachment":[{"href":"https:\/\/www.ptinspekce.cz\/index.php\/wp-json\/wp\/v2\/media?parent=367"}],"curies":[{"name":"wp","href":"https:\/\/api.w.org\/{rel}","templated":true}]}}