{"id":123,"date":"2018-09-26T20:39:26","date_gmt":"2018-09-26T20:39:26","guid":{"rendered":"http:\/\/ptinspekce.cz.uvirt72.active24.cz\/index.php\/mesmerize\/"},"modified":"2021-02-11T13:42:56","modified_gmt":"2021-02-11T13:42:56","slug":"mesmerize","status":"publish","type":"page","link":"https:\/\/www.ptinspekce.cz\/","title":{"rendered":"Front Page"},"content":{"rendered":"<div  id=\"about-1\" style=\"background-color: rgb(255, 255, 255); background-image: none;\" data-label=\"About\" data-id=\"about-1\" data-export-id=\"about-1\" data-category=\"about\" class=\"about-1 content-section\"><div  class=\"gridContainer\"> <div  class=\"row text-center\"><div  class=\"section-title-col\" data-type=\"column\">  <h2  class=\"\">V\u00edtejte na str\u00e1nk\u00e1ch na\u0161\u00ed firmy&nbsp;<\/h2> <p  class=\"lead\">Plze\u0148sk\u00e1 technick\u00e1 inspekce s.r.o. vznikla po\u010d\u00e1tkem roku 2019 zm\u011bnou n\u00e1zvu spole\u010dnosti Frazemak s.r.o., kter\u00e1 byla zalo\u017een v roce 2001, jako spole\u010dnost s ru\u010den\u00edm omezen\u00fdm. P\u016fvodn\u00ed zam\u011b\u0159en\u00ed spole\u010dnosti na zem\u011bd\u011blskou v\u00fdrobu se v pr\u016fb\u011bhu let roz\u0161\u00ed\u0159ilo na dal\u0161\u00ed \u010dinnosti, kter\u00e9 daly vzniknout t\u0159em diviz\u00edm.<br >\u2013\tZem\u011bd\u011blsk\u00e1 v\u00fdroba a obchod<br >\u2013\tPropagace Marketing Vydavatelstv\u00ed<br >\u2013\tTechnick\u00e1 inspekce a certifikace<\/p><\/div> <\/div> <div  class=\"row\"> <div  class=\"button-holder space-bottom space-bottom-small\" data-type=\"column\"> <\/div> <div  class=\"col-xs bottom-xs flexbox image-group-bottom-3-img space-bottom-xs center-xs\"> <img decoding=\"async\"  class=\"left-img shadow-large-black\" data-size=\"500x300\" src=\"http:\/\/ptinspekce.cz.uvirt72.active24.cz\/wp-content\/uploads\/2018\/09\/cropped-wheel-2137043.jpg\" alt=\"\" title=\"cropped-wheel-2137043.jpg\"> <img decoding=\"async\"  class=\"center-img shadow-large-black\" data-size=\"500x300\" src=\"http:\/\/ptinspekce.cz.uvirt72.active24.cz\/wp-content\/uploads\/2018\/09\/baukran-3592473.jpg\" alt=\"\" title=\"baukran-3592473\"> <img decoding=\"async\"  class=\"right-img shadow-large-black\" data-size=\"500x300\" src=\"http:\/\/ptinspekce.cz.uvirt72.active24.cz\/wp-content\/uploads\/2018\/09\/cropped-gears-1236578.jpg\" alt=\"\" title=\"cropped-gears-1236578.jpg\"><\/div> <\/div><\/div> <\/div><div  id=\"overlappable-4\" style=\"background-color: #ffffff;\" data-label=\"Overlappable\" data-id=\"overlappable-4\" data-export-id=\"overlappable-4\" data-category=\"overlappable\" class=\"overlappable-4 content-section content-section-spacing\" data-overlap=\"true\"><div  class=\"gridContainer\"> <div  data-type=\"row\" class=\"row spaced-cols text-center\"><div  class=\"col-xs-12 col-sm-4 col-padding\"> <a data-cp-link=\"1\" href=\"https:\/\/www.ptinspekce.cz\/index.php\/zemedelska-vyroba-a-obchod\" target=\"_self\" class=\"\" rel=\"noopener noreferrer\"><i  class=\"fa icon large shadow-large-black round aligncenter reverse color1 fa-envira\"><\/i><\/a> <div  data-type=\"column\" class=\"\"> <h5  class=\"\">Zem\u011bd\u011blsk\u00e1 v\u00fdroba a obchod<\/h5> <\/div> <\/div> <div  class=\"col-xs-12 col-sm-4 col-padding\"> <a data-cp-link=\"1\" href=\"https:\/\/www.ptinspekce.cz\/index.php\/propagace-marketing-vydavatelstvi\" target=\"_self\" class=\"\" rel=\"noopener noreferrer\"><i  class=\"fa icon large shadow-large-black round aligncenter reverse color1 fa-bullhorn\"><\/i><\/a> <div  data-type=\"column\" class=\"\"><h5  class=\"\">Propagace Marketing Vydavatelstv\u00ed<\/h5> <\/div> <\/div> <div  class=\"col-xs-12 col-sm-4 col-padding\"> <a data-cp-link=\"1\" href=\"https:\/\/www.ptinspekce.cz\/index.php\/technicka-inspekce-a-certifikace\" target=\"_self\" class=\"\" rel=\"noopener noreferrer\"><i  class=\"fa icon large shadow-large-black round aligncenter reverse color1 fa-industry\"><\/i><\/a> <div  data-type=\"column\" class=\"\"><h5  class=\"\">Technick\u00e1 inspekce a certifikace<\/h5> <\/div> <\/div><\/div> <\/div><\/div><div  id=\"contact-1\" data-label=\"Contact\" data-id=\"contact-1\" data-export-id=\"contact-1\" data-category=\"contact\" class=\"contact-1 content-section content-section-spacing white-text\" data-parallax-depth=\"20\" style=\"background-image: url(&quot;http:\/\/ptinspekce.cz.uvirt72.active24.cz\/wp-content\/uploads\/2018\/09\/construction-3284735_2222.jpg&quot;); background-size: cover; background-position: center top;\"><div  class=\"gridContainer\"> <div  class=\"row text-center\"><div  class=\"section-title-col\" data-type=\"column\"> <h2  class=\"\">Kontaktujte n\u00e1s<\/h2> <a class=\"link\" href=\"\/\/www.ptinspekce.cz\/wp-content\/uploads\/2021\/02\/2021-02-11_Vseobecne_obchodni_podminky_PTI_V05_SVO-1.pdf\" target=\"_blank\" data-cp-link=\"1\" rel=\"noopener noreferrer\">V\u0161eobecn\u00e9 obchodn\u00ed podm\u00ednky                                   <\/a><a class=\"link\" href=\"\/\/www.ptinspekce.cz\/wp-content\/uploads\/2021\/02\/2021-02-11_GDPR_PTI_V02_SVO-1.pdf\" target=\"_blank\" data-cp-link=\"1\" rel=\"noopener noreferrer\">                                                    GDPR<\/a><\/div> <\/div> <div  class=\"row text-center\"> <div  class=\"col-xs-12 col-sm-8 col-sm-offset-2 contact-form-wrapper inline-info\"> <div  class=\"card large-padding\"> <div  class=\"\" data-content-shortcode=\"mesmerize_contact_form shortcode=&quot;wpforms id=&amp;amp;quot;157&amp;amp;quot; title=&amp;amp;quot;false&amp;amp;quot; description=&amp;amp;quot;false&amp;amp;quot;&quot;\" data-editable=\"true\"><div class=\"wpforms-container wpforms-container-full\" id=\"wpforms-157\"><form id=\"wpforms-form-157\" class=\"wpforms-validate wpforms-form\" data-formid=\"157\" method=\"post\" enctype=\"multipart\/form-data\" action=\"\/index.php\/wp-json\/wp\/v2\/pages\/123\"><noscript class=\"wpforms-error-noscript\">Chcete-li vyplnit tento formul\u00e1\u0159, pros\u00edm povolte v prohl\u00ed\u017ee\u010di JavaScript.<\/noscript><div class=\"wpforms-field-container\"><div id=\"wpforms-157-field_0-container\" class=\"wpforms-field wpforms-field-name\" data-field-id=\"0\"><label class=\"wpforms-field-label\" for=\"wpforms-157-field_0\">Jm\u00e9no <span class=\"wpforms-required-label\">*<\/span><\/label><input type=\"text\" id=\"wpforms-157-field_0\" class=\"wpforms-field-large wpforms-field-required\" name=\"wpforms[fields][0]\" required><\/div><div id=\"wpforms-157-field_1-container\" class=\"wpforms-field wpforms-field-email\" data-field-id=\"1\"><label class=\"wpforms-field-label\" for=\"wpforms-157-field_1\">Email <span class=\"wpforms-required-label\">*<\/span><\/label><input type=\"email\" id=\"wpforms-157-field_1\" class=\"wpforms-field-large wpforms-field-required\" name=\"wpforms[fields][1]\" required><\/div><div id=\"wpforms-157-field_2-container\" class=\"wpforms-field wpforms-field-textarea\" data-field-id=\"2\"><label class=\"wpforms-field-label\" for=\"wpforms-157-field_2\">Zpr\u00e1va <span class=\"wpforms-required-label\">*<\/span><\/label><textarea id=\"wpforms-157-field_2\" class=\"wpforms-field-large wpforms-field-required\" name=\"wpforms[fields][2]\" required><\/textarea><\/div><div id=\"wpforms-157-field_5-container\" class=\"wpforms-field wpforms-field-checkbox\" data-field-id=\"5\"><label class=\"wpforms-field-label\" for=\"wpforms-157-field_5\">Souhlas\u00edm s V\u0161eobecn\u00fdmi obchodn\u00edmi podm\u00ednkami a Z\u00e1sadami na ochranu soukrom\u00ed - GDPR spole\u010dnosti Plze\u0148sk\u00e1 technick\u00e1 inspekce s.r.o. <span class=\"wpforms-required-label\">*<\/span><\/label><ul id=\"wpforms-157-field_5\" class=\"wpforms-field-required\"><li class=\"choice-1 depth-1\"><input type=\"checkbox\" id=\"wpforms-157-field_5_1\" name=\"wpforms[fields][5][]\" value=\"Kontrolov\u00e1ny\" required ><label class=\"wpforms-field-label-inline\" for=\"wpforms-157-field_5_1\"><\/label><\/li><\/ul><\/div><\/div><div class=\"wpforms-field wpforms-field-hp\"><label for=\"wpforms-157-field-hp\" class=\"wpforms-field-label\">Phone<\/label><input type=\"text\" name=\"wpforms[hp]\" id=\"wpforms-157-field-hp\" class=\"wpforms-field-medium\"><\/div><div class=\"wpforms-submit-container\" ><input type=\"hidden\" name=\"wpforms[id]\" value=\"157\"><input type=\"hidden\" name=\"wpforms[author]\" value=\"1\"><button type=\"submit\" name=\"wpforms[submit]\" class=\"wpforms-submit button color1\" id=\"wpforms-submit-157\" value=\"wpforms-submit\" aria-live=\"assertive\" data-alt-text=\"Pos\u00edl\u00e1m...\" data-submit-text=\"Poslat\">Poslat<\/button><\/div><\/form><\/div>  <!-- .wpforms-container --><\/div><\/div> <\/div><\/div> <\/div><\/div><div  data-label=\"About\" data-id=\"about--1\" data-export-id=\"about-4\" data-category=\"about\" class=\"about-4 content-section content-section-spacing\" id=\"about-2\" style=\"background-color: rgb(255, 255, 255);\"><div  class=\"gridContainer\"> <div  class=\"row middle-sm text-center\"><div  class=\"col-sm-5 space-bottom-xs\" data-type=\"column\"> <h5  class=\"\">Kontakt<\/h5> <h2  class=\"\">\n<br ><br >Plze\u0148sk\u00e1 technick\u00e1 inspekce&nbsp;s.r.o.<\/h2> <p  class=\"\">Zikmunda Wintra 21<br >30100 Plze\u0148 \u2013 Ji\u017en\u00ed P\u0159edm\u011bst\u00ed<br >I\u010c: 26322781 DI\u010c: CZ 26322781<br ><br >Jednatel spole\u010dnosti:<br >pan Petr \u010cern\u00fd<br ><br >tel: +420 728 471 516<br >email: info@ptinspekce.cz<\/p> <\/div> <div  class=\"col-sm-7 flexbox center-xs middle-xs image-group-2-img\"> <img decoding=\"async\"  class=\"img-1 shadow-large\" data-size=\"250x200\" src=\"http:\/\/ptinspekce.cz.uvirt72.active24.cz\/wp-content\/plugins\/mesmerize-companion\/theme-data\/mesmerize\/sections\/images\/apple-1838564.jpg\"> <img decoding=\"async\"  class=\"img-2 shadow-large\" data-size=\"220x170\" src=\"http:\/\/ptinspekce.cz.uvirt72.active24.cz\/wp-content\/plugins\/mesmerize-companion\/theme-data\/mesmerize\/sections\/images\/computer-2569652.jpg\"><\/div> <\/div><\/div> <\/div>","protected":false},"excerpt":{"rendered":"<p>V\u00edtejte na str\u00e1nk\u00e1ch na\u0161\u00ed firmy&nbsp; Plze\u0148sk\u00e1 technick\u00e1 inspekce s.r.o. vznikla po\u010d\u00e1tkem roku 2019 zm\u011bnou n\u00e1zvu spole\u010dnosti Frazemak s.r.o., kter\u00e1 byla zalo\u017een v roce 2001, jako spole\u010dnost s ru\u010den\u00edm omezen\u00fdm. P\u016fvodn\u00ed zam\u011b\u0159en\u00ed spole\u010dnosti na zem\u011bd\u011blskou v\u00fdrobu se v pr\u016fb\u011bhu let roz\u0161\u00ed\u0159ilo na dal\u0161\u00ed \u010dinnosti, kter\u00e9 daly vzniknout t\u0159em diviz\u00edm.\u2013 Zem\u011bd\u011blsk\u00e1 v\u00fdroba a obchod\u2013 Propagace Marketing Vydavatelstv\u00ed\u2013&hellip; <br \/> <a class=\"read-more\" href=\"https:\/\/www.ptinspekce.cz\/\">\u010c\u00edst v\u00edce.<\/a><\/p>\n","protected":false},"author":1,"featured_media":0,"parent":0,"menu_order":0,"comment_status":"closed","ping_status":"closed","template":"page-templates\/homepage.php","meta":{"footnotes":""},"class_list":["post-123","page","type-page","status-publish","hentry"],"_links":{"self":[{"href":"https:\/\/www.ptinspekce.cz\/index.php\/wp-json\/wp\/v2\/pages\/123","targetHints":{"allow":["GET"]}}],"collection":[{"href":"https:\/\/www.ptinspekce.cz\/index.php\/wp-json\/wp\/v2\/pages"}],"about":[{"href":"https:\/\/www.ptinspekce.cz\/index.php\/wp-json\/wp\/v2\/types\/page"}],"author":[{"embeddable":true,"href":"https:\/\/www.ptinspekce.cz\/index.php\/wp-json\/wp\/v2\/users\/1"}],"replies":[{"embeddable":true,"href":"https:\/\/www.ptinspekce.cz\/index.php\/wp-json\/wp\/v2\/comments?post=123"}],"version-history":[{"count":25,"href":"https:\/\/www.ptinspekce.cz\/index.php\/wp-json\/wp\/v2\/pages\/123\/revisions"}],"predecessor-version":[{"id":472,"href":"https:\/\/www.ptinspekce.cz\/index.php\/wp-json\/wp\/v2\/pages\/123\/revisions\/472"}],"wp:attachment":[{"href":"https:\/\/www.ptinspekce.cz\/index.php\/wp-json\/wp\/v2\/media?parent=123"}],"curies":[{"name":"wp","href":"https:\/\/api.w.org\/{rel}","templated":true}]}}